{"id":5,"date":"2025-06-14T17:17:08","date_gmt":"2025-06-14T15:17:08","guid":{"rendered":"https:\/\/lafermedelorge.ccbinformatique.fr\/?page_id=5"},"modified":"2025-11-25T15:59:52","modified_gmt":"2025-11-25T14:59:52","slug":"accueil-2","status":"publish","type":"page","link":"https:\/\/lafermedelorge.ccbinformatique.fr\/","title":{"rendered":"Accueil"},"content":{"rendered":"\n<div class=\"wp-block-columns is-layout-flex wp-container-core-columns-is-layout-28f84493 wp-block-columns-is-layout-flex\">\n<div class=\"wp-block-column has-secondary-color has-text-color has-link-color wp-elements-42d4e3f0e4988f4274a1179f23f37d26 is-layout-flow wp-block-column-is-layout-flow\">\n<div class=\"wp-block-columns is-layout-flex wp-container-core-columns-is-layout-28f84493 wp-block-columns-is-layout-flex\">\n<div class=\"wp-block-column is-layout-flow wp-block-column-is-layout-flow\">\n<h2 class=\"wp-block-heading has-x-large-font-size\" id=\"paniers\">Paniers de la semaine<\/h2>\n\n\n<ul style=\"border-radius:0px;border-style:none;border-width:0px; padding-top:20px;padding-bottom:20px;padding-left:20px;padding-right:20px;margin-top:15px;margin-bottom:15px;\" class=\"wp-block-latest-posts__list has-link-color wp-elements-ac91cf267d9b4c80aa05bd956b635ea5 wp-block-latest-posts has-text-color has-secondary-color has-medium-font-size\"><li><a class=\"wp-block-latest-posts__post-title\" href=\"https:\/\/lafermedelorge.ccbinformatique.fr\/index.php\/2025\/06\/18\/panier-juillet\/\">Panier du 6 novembre 2025<\/a><div class=\"wp-block-latest-posts__post-full-content\"><!-- wp:table {\"hasFixedLayout\":false,\"className\":\"is-style-regular\",\"fontSize\":\"medium\",\"borderColor\":\"tertiary\"} -->\n<figure class=\"wp-block-table is-style-regular has-medium-font-size\"><table class=\"has-border-color has-tertiary-border-color\"><tbody><tr><td>3 Kilos<\/td><td>\ud83e\udd54 Pommes de terre<\/td><\/tr><tr><td>1 Kilo<\/td><td>\ud83e\udd55 Carottes<\/td><\/tr><tr><td>2 Pi\u00e8ces<\/td><td>\ud83e\udd52 Concombres<\/td><\/tr><\/tbody><\/table><\/figure>\n<!-- \/wp:table --><\/div><\/li>\n<li><a class=\"wp-block-latest-posts__post-title\" href=\"https:\/\/lafermedelorge.ccbinformatique.fr\/index.php\/2025\/06\/14\/panier-du-12-juin-2025\/\">Panier du 12 juin 2025<\/a><div class=\"wp-block-latest-posts__post-full-content\"><!-- wp:table {\"hasFixedLayout\":false,\"className\":\"is-style-regular\",\"style\":{\"elements\":{\"link\":{\"color\":{\"text\":\"var:preset|color|secondary\"}}},\"spacing\":{\"padding\":{\"top\":\"0\",\"bottom\":\"0\"}}},\"textColor\":\"secondary\",\"fontSize\":\"medium\",\"borderColor\":\"tertiary\"} -->\n<figure class=\"wp-block-table is-style-regular has-medium-font-size\" style=\"padding-top:0;padding-bottom:0\"><table class=\"has-secondary-color has-text-color has-link-color has-border-color has-tertiary-border-color\"><tbody><tr><td>3 Kilos <\/td><td>\ud83e\udd54 Pommes de terre<\/td><\/tr><tr><td>3 Pi\u00e8ces <\/td><td>\ud83e\udd52 Courgettes<\/td><\/tr><tr><td>1 Pi\u00e8ce<\/td><td>\ud83e\udd66 Salade<\/td><\/tr><\/tbody><\/table><\/figure>\n<!-- \/wp:table -->\n\n<!-- wp:paragraph -->\n<p><\/p>\n<!-- \/wp:paragraph --><\/div><\/li>\n<\/ul><\/div>\n<\/div>\n<\/div>\n\n\n\n<div class=\"wp-block-column is-layout-flow wp-block-column-is-layout-flow\">\n<div class=\"wp-block-columns is-layout-flex wp-container-core-columns-is-layout-28f84493 wp-block-columns-is-layout-flex\">\n<div class=\"wp-block-column is-layout-flow wp-block-column-is-layout-flow\">\n<h2 class=\"wp-block-heading has-x-large-font-size\" id=\"actualites\">Derni\u00e8res actualit\u00e9s<\/h2>\n\n\n<ul style=\"border-radius:20px;border-width:2px; padding-left:25px;padding-right:25px;padding-top:5px;padding-bottom:5px;margin-top:15px;margin-bottom:15px;\" class=\"wp-block-latest-posts__list has-link-color wp-elements-4b93508cca3eb7aa6809dbd49bc72dd0 wp-block-latest-posts has-text-color has-secondary-color has-background has-custom-beige-naturel-background-color has-small-font-size\"><li><a class=\"wp-block-latest-posts__post-title\" href=\"https:\/\/lafermedelorge.ccbinformatique.fr\/index.php\/2025\/11\/04\/distribution-du-jeudi-25-septembre-2025\/\">Distribution du jeudi 25 septembre 2025<\/a><div class=\"wp-block-latest-posts__post-full-content\"><!-- wp:paragraph -->\n<p><strong>Lieu :<\/strong> Feu de Camp, rue du port, \u00e0 Grigny<br><strong>Horaire :<\/strong> 19-20 heures <br><strong>Contrat :<\/strong><br><em>     &#8211; L\u00e9gumes<br>     &#8211; Pains<\/em><br><strong>Merci\u00a0de penser aux contrats pommes\/poires et kiwis.<\/strong><\/p>\n<!-- \/wp:paragraph -->\n\n<!-- wp:paragraph -->\n<p><\/p>\n<!-- \/wp:paragraph --><\/div><\/li>\n<\/ul><\/div>\n<\/div>\n<\/div>\n<\/div>\n\n\n\n<hr class=\"wp-block-separator has-text-color has-secondary-color has-alpha-channel-opacity has-secondary-background-color has-background\"\/>\n\n\n\n<div class=\"wp-block-columns is-layout-flex wp-container-core-columns-is-layout-28f84493 wp-block-columns-is-layout-flex\">\n<div class=\"wp-block-column is-layout-flow wp-block-column-is-layout-flow\" style=\"flex-basis:100%\">\n<div class=\"wp-block-group is-vertical is-layout-flex wp-container-core-group-is-layout-fe9cc265 wp-block-group-is-layout-flex\">\n<div class=\"wp-block-columns is-layout-flex wp-container-core-columns-is-layout-28f84493 wp-block-columns-is-layout-flex\">\n<div class=\"wp-block-column has-secondary-color has-text-color has-link-color wp-elements-d9e34bcd8ea4ae1e37c1c1bcf4ca9e28 is-layout-flow wp-block-column-is-layout-flow\" style=\"flex-basis:100%\">\n<h2 class=\"wp-block-heading has-x-large-font-size\">L\u2019histoire de la Ferme de l\u2019Orge.<\/h2>\n\n\n\n<p class=\"has-medium-font-size\">Les premiers fr\u00e9missements ont eu lieu au sein de l\u2019\u00e9quipe de l\u2019Agenda 21 de la mairie de Viry-Ch\u00e2tillon.<br>Une pr\u00e9sence sur le stand \u00ab\u00a0agenda 21\u00a0\u00bb de la f\u00eate des associations en septembre 2005 permit quelques contacts de curieux ou personnes ayant eu vent du mouvement par bouche-\u00e0-oreille ou quelques parutions encore discr\u00e8tes dans les m\u00e9dias\u2026<\/p>\n\n\n\n<ul class=\"wp-block-list has-medium-font-size\">\n<li class=\"has-medium-font-size\"><em><a href=\"https:\/\/lafermedelorge.ccbinformatique.fr\/wp-content\/uploads\/2025\/10\/Statuts_Ferme_Orge.pdf\"><strong>Les statuts de l\u2019AMAP<\/strong><\/a><\/em><\/li>\n\n\n\n<li class=\"has-medium-font-size\"><em><a href=\"https:\/\/lafermedelorge.ccbinformatique.fr\/wp-content\/uploads\/2025\/10\/Reglement_Ferme_Orge.pdf\"><strong>Le r\u00e8glement de l\u2019AMAP<\/strong><\/a><\/em><\/li>\n<\/ul>\n<\/div>\n<\/div>\n<\/div>\n<\/div>\n<\/div>\n\n\n\n<div class=\"wp-block-columns is-layout-flex wp-container-core-columns-is-layout-28f84493 wp-block-columns-is-layout-flex\">\n<div class=\"wp-block-column has-secondary-color has-text-color has-link-color wp-elements-0cc31ccaa54a9fefb8f227b42b93c3a5 is-layout-flow wp-block-column-is-layout-flow\">\n<h2 class=\"wp-block-heading has-x-large-font-size\">Adh\u00e9sion<\/h2>\n\n\n\n<p class=\"has-text-align-center has-medium-font-size\">Les commandes, accompagn\u00e9es des ch\u00e8ques, devront \u00eatre remises au cours des distributions ou envoy\u00e9es par courrier \u00e0 l\u2019adresse de l\u2019AMAP :<br><strong><em>AMAP La Ferme de l\u2019Orge<br>Service Vie Associative<br>22 rue Dani\u00e8le Casanova<br>91170 VIRY-CH\u00c2TILLON<\/em><\/strong><\/p>\n\n\n\n<p><em><strong>Liste des documents :<\/strong><\/em><\/p>\n\n\n\n<ul class=\"wp-block-list has-medium-font-size\">\n<li><em><a href=\"https:\/\/www.lafermedelorge.fr\/telechargement\/contrat%20legumes%20petit%20panier%202025_2026.pdf\" target=\"_blank\" rel=\"noreferrer noopener\"><strong>Contrat legumes petit panier 2025_2026<\/strong><\/a><\/em><\/li>\n\n\n\n<li><em><a href=\"https:\/\/www.lafermedelorge.fr\/telechargement\/contrat%20legumes%20grand%20panier%202025_2026.pdf\" target=\"_blank\" rel=\"noreferrer noopener\"><strong>Contrat legumes grand panier 2025_2026<\/strong><\/a><\/em><\/li>\n\n\n\n<li><em><a href=\"https:\/\/www.lafermedelorge.fr\/telechargement\/Bulletin%20Adhesion%202025_2026.pdf\" target=\"_blank\" rel=\"noreferrer noopener\"><strong>Bulletin Adhesion 2025_2026<\/strong><\/a><\/em><\/li>\n<\/ul>\n<\/div>\n<\/div>\n\n\n\n<p><\/p>\n","protected":false},"excerpt":{"rendered":"<p>L\u2019histoire de la Ferme de l\u2019Orge. Les premiers fr\u00e9missements ont eu lieu au sein de l\u2019\u00e9quipe de l\u2019Agenda 21 de la mairie de Viry-Ch\u00e2tillon.Une pr\u00e9sence sur le stand \u00ab\u00a0agenda 21\u00a0\u00bb de la f\u00eate des associations en septembre 2005 permit quelques contacts de curieux ou personnes ayant eu vent du mouvement par bouche-\u00e0-oreille ou quelques parutions [&hellip;]<\/p>\n","protected":false},"author":1,"featured_media":0,"parent":0,"menu_order":0,"comment_status":"closed","ping_status":"closed","template":"","meta":{"footnotes":""},"class_list":["post-5","page","type-page","status-publish","hentry"],"_links":{"self":[{"href":"https:\/\/lafermedelorge.ccbinformatique.fr\/index.php\/wp-json\/wp\/v2\/pages\/5","targetHints":{"allow":["GET"]}}],"collection":[{"href":"https:\/\/lafermedelorge.ccbinformatique.fr\/index.php\/wp-json\/wp\/v2\/pages"}],"about":[{"href":"https:\/\/lafermedelorge.ccbinformatique.fr\/index.php\/wp-json\/wp\/v2\/types\/page"}],"author":[{"embeddable":true,"href":"https:\/\/lafermedelorge.ccbinformatique.fr\/index.php\/wp-json\/wp\/v2\/users\/1"}],"replies":[{"embeddable":true,"href":"https:\/\/lafermedelorge.ccbinformatique.fr\/index.php\/wp-json\/wp\/v2\/comments?post=5"}],"version-history":[{"count":64,"href":"https:\/\/lafermedelorge.ccbinformatique.fr\/index.php\/wp-json\/wp\/v2\/pages\/5\/revisions"}],"predecessor-version":[{"id":400,"href":"https:\/\/lafermedelorge.ccbinformatique.fr\/index.php\/wp-json\/wp\/v2\/pages\/5\/revisions\/400"}],"wp:attachment":[{"href":"https:\/\/lafermedelorge.ccbinformatique.fr\/index.php\/wp-json\/wp\/v2\/media?parent=5"}],"curies":[{"name":"wp","href":"https:\/\/api.w.org\/{rel}","templated":true}]}}